{"id":80,"date":"2024-05-06T13:44:21","date_gmt":"2024-05-06T16:44:21","guid":{"rendered":"https:\/\/locsert.com.br\/new\/?post_type=product&#038;p=80"},"modified":"2024-09-11T16:29:59","modified_gmt":"2024-09-11T19:29:59","slug":"tig-maxstar-350-miller","status":"publish","type":"product","link":"https:\/\/locsert.com.br\/new\/product\/tig-maxstar-350-miller\/","title":{"rendered":"Inversora TIG Maxstar 350 Miller"},"content":{"rendered":"\t\t<div data-elementor-type=\"wp-post\" data-elementor-id=\"80\" class=\"elementor elementor-80\">\n\t\t\t\t<div class=\"elementor-element elementor-element-4f522382 e-con-full e-flex e-con e-parent\" data-id=\"4f522382\" data-element_type=\"container\">\n\t\t\t\t<div class=\"elementor-element elementor-element-1e690a79 elementor-widget elementor-widget-text-editor\" data-id=\"1e690a79\" data-element_type=\"widget\" data-widget_type=\"text-editor.default\">\n\t\t\t\t<div class=\"elementor-widget-container\">\n\t\t\t\t\t\t\t\t\t<p>Caracter\u00edsticas:\u00a0<span style=\"letter-spacing: 0.2px; text-align: var(--text-align); background-color: transparent; color: var(--global-palette4); font-family: var(--global-body-font-family);\">A m\u00e1quina Inversora TIG Maxstar 350 com Auto Line conecta em rede de 208 a 575 Volts.\u00a0Possui ventila\u00e7\u00e3o sob demanda (funciona somente quando esta operando).\u00a0Possui abertura do arco com ou sem alta frequ\u00eancia, pr\u00e9 e p\u00f3s (autom\u00e1tico) vaz\u00e3o do g\u00e1s, ajuste do balan\u00e7o da onda em CA. Possui ajuste da frequ\u00eancia do arco em CA e quatro diferentes formas de onda em CA, pulsado com ajuste da frequ\u00eancia em at\u00e9 5000Hz. Possui ajuste independente da Amplitude\/Corrente em CA.<\/span><\/p><div>\u00a0<\/div>\t\t\t\t\t\t\t\t<\/div>\n\t\t\t\t<\/div>\n\t\t\t\t<\/div>\n\t\t\t\t<\/div>\n\t\t","protected":false},"excerpt":{"rendered":"<p>Processo de soldagem:\u00a0Eletrodo revestido, TIG e TIG alta frequ\u00eancia (HF)<br \/>\nPeso:\u00a058,9 kg<br \/>\nDimens\u00f5es (LxAxC):\u00a0358 x 475 x 678 mm<br \/>\nAlimenta\u00e7\u00e3o el\u00e9trica (V):\u00a0\u00a0208 \/ 230 \/ 400 \/ 460 \/ 575<br \/>\nFaixa de corrente (A):\u00a05 \u2013 350<\/p>\n","protected":false},"featured_media":81,"comment_status":"open","ping_status":"closed","template":"","meta":{"_eb_attr":"","_bst_post_transparent":"default","_bst_post_title":"","_bst_post_layout":"default","_bst_post_sidebar_id":"","_bst_post_content_style":"default","_bst_post_vertical_padding":"default","_bst_post_feature":"","_bst_post_feature_position":"","_bst_post_header":false,"_bst_post_footer":false},"product_brand":[],"product_cat":[19,28,34],"product_tag":[],"class_list":{"0":"post-80","1":"product","2":"type-product","3":"status-publish","4":"has-post-thumbnail","6":"product_cat-inversora-de-solda","7":"product_cat-tig","8":"product_cat-tig-alta-frequencia-hf","10":"first","11":"instock","12":"shipping-taxable","13":"product-type-simple","14":"entry","15":"content-bg","16":"loop-entry"},"_links":{"self":[{"href":"https:\/\/locsert.com.br\/new\/wp-json\/wp\/v2\/product\/80","targetHints":{"allow":["GET"]}}],"collection":[{"href":"https:\/\/locsert.com.br\/new\/wp-json\/wp\/v2\/product"}],"about":[{"href":"https:\/\/locsert.com.br\/new\/wp-json\/wp\/v2\/types\/product"}],"replies":[{"embeddable":true,"href":"https:\/\/locsert.com.br\/new\/wp-json\/wp\/v2\/comments?post=80"}],"version-history":[{"count":14,"href":"https:\/\/locsert.com.br\/new\/wp-json\/wp\/v2\/product\/80\/revisions"}],"predecessor-version":[{"id":958,"href":"https:\/\/locsert.com.br\/new\/wp-json\/wp\/v2\/product\/80\/revisions\/958"}],"wp:featuredmedia":[{"embeddable":true,"href":"https:\/\/locsert.com.br\/new\/wp-json\/wp\/v2\/media\/81"}],"wp:attachment":[{"href":"https:\/\/locsert.com.br\/new\/wp-json\/wp\/v2\/media?parent=80"}],"wp:term":[{"taxonomy":"product_brand","embeddable":true,"href":"https:\/\/locsert.com.br\/new\/wp-json\/wp\/v2\/product_brand?post=80"},{"taxonomy":"product_cat","embeddable":true,"href":"https:\/\/locsert.com.br\/new\/wp-json\/wp\/v2\/product_cat?post=80"},{"taxonomy":"product_tag","embeddable":true,"href":"https:\/\/locsert.com.br\/new\/wp-json\/wp\/v2\/product_tag?post=80"}],"curies":[{"name":"wp","href":"https:\/\/api.w.org\/{rel}","templated":true}]}}