{"id":70,"date":"2024-05-06T13:33:09","date_gmt":"2024-05-06T16:33:09","guid":{"rendered":"https:\/\/locsert.com.br\/new\/?post_type=product&#038;p=70"},"modified":"2024-09-12T16:52:51","modified_gmt":"2024-09-12T19:52:51","slug":"alimentador-de-arame-lf-33-lincoln-electric","status":"publish","type":"product","link":"https:\/\/locsert.com.br\/new\/product\/alimentador-de-arame-lf-33-lincoln-electric\/","title":{"rendered":"Alimentador de Arame LF-33 Lincoln Electric"},"content":{"rendered":"<p><strong>Caracter\u00edsticas: <\/strong>Compacto, resistente e leve para transporte; excelente sistema de alimenta\u00e7\u00e3o de arame com controle cont\u00ednuo; constru\u00e7\u00e3o robusta; conector para controle remoto, EURO, rodas e engates para refrigera\u00e7\u00e3o inclusos; display digital de tens\u00e3o e corrente; versatilidade, permite conex\u00e3o com as principais fontes anal\u00f3gicas da Lincoln Electric.<\/p>\n","protected":false},"excerpt":{"rendered":"<p class=\"reference\"><strong>Faixa do arame (mm):<\/strong>\u00a0S\u00f3lido: (0.8 \u2013 1.6) \/ Tubular: (1.0 \u2013 1.6)<br \/>\n<strong>Roldanas (quantidade):<\/strong>\u00a04 roldanas<br \/>\n<strong>Peso:<\/strong>\u00a017 kg<br \/>\n<strong>Dimens\u00f5es (LxAxC):<\/strong>\u00a0275 x 440 x 636 mm<br \/>\n<strong>Alimenta\u00e7\u00e3o el\u00e9trica (Volts):<\/strong>\u00a034 ~ 44 VAC<\/p>\n","protected":false},"featured_media":71,"comment_status":"open","ping_status":"closed","template":"","meta":{"_eb_attr":"","_bst_post_transparent":"default","_bst_post_title":"","_bst_post_layout":"default","_bst_post_sidebar_id":"","_bst_post_content_style":"default","_bst_post_vertical_padding":"default","_bst_post_feature":"","_bst_post_feature_position":"","_bst_post_header":false,"_bst_post_footer":false},"product_brand":[],"product_cat":[21],"product_tag":[],"class_list":{"0":"post-70","1":"product","2":"type-product","3":"status-publish","4":"has-post-thumbnail","6":"product_cat-alimentador-de-arame","8":"first","9":"instock","10":"shipping-taxable","11":"product-type-simple","12":"entry","13":"content-bg","14":"loop-entry"},"_links":{"self":[{"href":"https:\/\/locsert.com.br\/new\/wp-json\/wp\/v2\/product\/70","targetHints":{"allow":["GET"]}}],"collection":[{"href":"https:\/\/locsert.com.br\/new\/wp-json\/wp\/v2\/product"}],"about":[{"href":"https:\/\/locsert.com.br\/new\/wp-json\/wp\/v2\/types\/product"}],"replies":[{"embeddable":true,"href":"https:\/\/locsert.com.br\/new\/wp-json\/wp\/v2\/comments?post=70"}],"version-history":[{"count":4,"href":"https:\/\/locsert.com.br\/new\/wp-json\/wp\/v2\/product\/70\/revisions"}],"predecessor-version":[{"id":985,"href":"https:\/\/locsert.com.br\/new\/wp-json\/wp\/v2\/product\/70\/revisions\/985"}],"wp:featuredmedia":[{"embeddable":true,"href":"https:\/\/locsert.com.br\/new\/wp-json\/wp\/v2\/media\/71"}],"wp:attachment":[{"href":"https:\/\/locsert.com.br\/new\/wp-json\/wp\/v2\/media?parent=70"}],"wp:term":[{"taxonomy":"product_brand","embeddable":true,"href":"https:\/\/locsert.com.br\/new\/wp-json\/wp\/v2\/product_brand?post=70"},{"taxonomy":"product_cat","embeddable":true,"href":"https:\/\/locsert.com.br\/new\/wp-json\/wp\/v2\/product_cat?post=70"},{"taxonomy":"product_tag","embeddable":true,"href":"https:\/\/locsert.com.br\/new\/wp-json\/wp\/v2\/product_tag?post=70"}],"curies":[{"name":"wp","href":"https:\/\/api.w.org\/{rel}","templated":true}]}}