{"id":66,"date":"2024-04-26T11:35:09","date_gmt":"2024-04-26T14:35:09","guid":{"rendered":"https:\/\/locsert.com.br\/new\/?post_type=product&#038;p=66"},"modified":"2024-09-11T17:29:30","modified_gmt":"2024-09-11T20:29:30","slug":"inversora-de-solda-mega-force-300i-st-lincoln-electric","status":"publish","type":"product","link":"https:\/\/locsert.com.br\/new\/product\/inversora-de-solda-mega-force-300i-st-lincoln-electric\/","title":{"rendered":"Inversora de Solda Mega Force 300i ST Lincoln Electric"},"content":{"rendered":"\t\t<div data-elementor-type=\"wp-post\" data-elementor-id=\"66\" class=\"elementor elementor-66\">\n\t\t\t\t<div class=\"elementor-element elementor-element-27cd4fd3 e-flex e-con-boxed e-con e-parent\" data-id=\"27cd4fd3\" data-element_type=\"container\">\n\t\t\t\t\t<div class=\"e-con-inner\">\n\t\t\t\t<div class=\"elementor-element elementor-element-1fa313f5 elementor-widget elementor-widget-text-editor\" data-id=\"1fa313f5\" data-element_type=\"widget\" data-widget_type=\"text-editor.default\">\n\t\t\t\t<div class=\"elementor-widget-container\">\n\t\t\t\t\t\t\t\t\t<p><strong style=\"text-align: var(--text-align); background-color: transparent; color: var(--global-palette4); font-family: var(--global-body-font-family); letter-spacing: 0.2px;\">Caracter\u00edsticas:&nbsp;<\/strong><span style=\"text-align: var(--text-align); background-color: transparent; color: var(--global-palette4); font-family: var(--global-body-font-family); letter-spacing: 0.2px;\">Tecnologia IGBT: m\u00f3dulo de pot\u00eancia com transistor bipolar de porta isolada; a<\/span><span style=\"text-align: var(--text-align); background-color: transparent; color: var(--global-palette4); font-family: var(--global-body-font-family); letter-spacing: 0.2px;\">juste autom\u00e1tico de tens\u00e3o de entrada; c<\/span><span style=\"text-align: var(--text-align); background-color: transparent; color: var(--global-palette4); font-family: var(--global-body-font-family); letter-spacing: 0.2px;\">onex\u00e3o de cabo e porta eletrodo &#8220;twist mate&#8221; e c<\/span><span style=\"text-align: var(--text-align); background-color: transparent; color: var(--global-palette4); font-family: var(--global-body-font-family); letter-spacing: 0.2px;\">ompat\u00edvel com geradores.&nbsp;<\/span><\/p>\t\t\t\t\t\t\t\t<\/div>\n\t\t\t\t<\/div>\n\t\t\t\t\t<\/div>\n\t\t\t\t<\/div>\n\t\t\t\t<\/div>\n\t\t","protected":false},"excerpt":{"rendered":"<p><strong>Processo de soldagem:<\/strong>\u00a0TIG e Eletrodo Revestido<br \/>\n<strong>Ciclo de trabalho:<\/strong>\u00a0300A @ 40% &#8211; 190A @ 100%<br \/>\n<strong>Peso:<\/strong>\u00a012,5 kg<br \/>\n<strong>Dimens\u00e3o:<\/strong>\u00a0405 x 379 x 230 mm<br \/>\n<strong>Alimenta\u00e7\u00e3o el\u00e9trica (V):<\/strong> 220 &#8211; 380 &#8211; 440 \/ Mono &#8211; Trif\u00e1sico \/ 50-60Hz<\/p>\n","protected":false},"featured_media":67,"comment_status":"open","ping_status":"closed","template":"","meta":{"_eb_attr":"","_bst_post_transparent":"default","_bst_post_title":"","_bst_post_layout":"default","_bst_post_sidebar_id":"","_bst_post_content_style":"default","_bst_post_vertical_padding":"default","_bst_post_feature":"","_bst_post_feature_position":"","_bst_post_header":false,"_bst_post_footer":false},"product_brand":[],"product_cat":[29,19,28],"product_tag":[],"class_list":{"0":"post-66","1":"product","2":"type-product","3":"status-publish","4":"has-post-thumbnail","6":"product_cat-eletrodo","7":"product_cat-inversora-de-solda","8":"product_cat-tig","10":"first","11":"instock","12":"shipping-taxable","13":"product-type-simple","14":"entry","15":"content-bg","16":"loop-entry"},"_links":{"self":[{"href":"https:\/\/locsert.com.br\/new\/wp-json\/wp\/v2\/product\/66","targetHints":{"allow":["GET"]}}],"collection":[{"href":"https:\/\/locsert.com.br\/new\/wp-json\/wp\/v2\/product"}],"about":[{"href":"https:\/\/locsert.com.br\/new\/wp-json\/wp\/v2\/types\/product"}],"replies":[{"embeddable":true,"href":"https:\/\/locsert.com.br\/new\/wp-json\/wp\/v2\/comments?post=66"}],"version-history":[{"count":8,"href":"https:\/\/locsert.com.br\/new\/wp-json\/wp\/v2\/product\/66\/revisions"}],"predecessor-version":[{"id":964,"href":"https:\/\/locsert.com.br\/new\/wp-json\/wp\/v2\/product\/66\/revisions\/964"}],"wp:featuredmedia":[{"embeddable":true,"href":"https:\/\/locsert.com.br\/new\/wp-json\/wp\/v2\/media\/67"}],"wp:attachment":[{"href":"https:\/\/locsert.com.br\/new\/wp-json\/wp\/v2\/media?parent=66"}],"wp:term":[{"taxonomy":"product_brand","embeddable":true,"href":"https:\/\/locsert.com.br\/new\/wp-json\/wp\/v2\/product_brand?post=66"},{"taxonomy":"product_cat","embeddable":true,"href":"https:\/\/locsert.com.br\/new\/wp-json\/wp\/v2\/product_cat?post=66"},{"taxonomy":"product_tag","embeddable":true,"href":"https:\/\/locsert.com.br\/new\/wp-json\/wp\/v2\/product_tag?post=66"}],"curies":[{"name":"wp","href":"https:\/\/api.w.org\/{rel}","templated":true}]}}